 - 2. Is y prime?
True
Suppose -5*c + 10 = 5*u, c - u + 1 = u. Let i be c + 0 + (-68 - 8). Let h = i - -124. Is h a prime number?
False
Suppose -49 = -8*x - 9. Suppose -6*m + 2264 = -3*m - f, 2*m - 1505 = x*f. Is m a prime number?
False
Suppose -3*f = 5*w - 31157, 5*f = 6*f + 2*w - 10387. Is f composite?
True
Let l(k) = k**3 - 16*k**2 + 16*k - 9. Let a be l(15). Suppose -h = -a*h + 4*d + 299, h - 58 = -d. Is h prime?
True
Let a = 634 - 91. Suppose 0 = 5*r - n - a, 0 = 2*r + n - 90 - 130. Is r composite?
False
Let b = 4934 - 2500. Is b a composite number?
True
Let s(u) be the first derivative of u**4/4 - 4*u**3/3 - 10*u**2 - 21*u + 23. Is s(10) composite?
False
Suppose 10*i + 10073 = 17*i. Is i a prime number?
True
Suppose -2 = -d + 19. Let c be d/(-35) - (-1746)/10. Suppose 0 = -g + 4*g - c. Is g a composite number?
True
Let i(x) = 31*x + 5. Suppose -60 = 3*h - 5*h. Let j = h - 28. Is i(j) prime?
True
Let x(i) = 2*i**2 + i - 1. Suppose -4*v - 3*n - 5 = 0, n + 2 = 2*v - 3. Let p be x(v). Let f = 21 + p. Is f a prime number?
True
Let g = -17089 + 26862. Is g prime?
False
Suppose -3*a + 25 = -2*g + 3*g, -a + 4*g = -4. Suppose a*n - 3600 - 6024 = 0. Is n a prime number?
False
Suppose 2*p - 20*v = -19*v + 4439, 11105 = 5*p - 4*v. Is p a prime number?
False
Let v(l) be the third derivative of -l**8/2240 - l**6/360 - l**5/20 + l**4/12 + 4*l**2. Let y(d) be the second derivative of v(d). Is y(-5) a prime number?
True
Suppose 6*q + 7 = -4*z + q, -4*z = -q + 37. Let x = z - -13. Suppose -x*i + 79 + 51 = 0. Is i prime?
False
Suppose 5*k = -5*q - 10, -3*q - 4 = -2*k + 2. Suppose -4*b + 4*d = -74 - 1822, -5*b - 4*d + 2415 = k. Is b composite?
False
Let w be (-112)/(-20)*(-3 - (-2036)/(-8)). Let u = w - -2329. Is u composite?
False
Let m be (-2 - -1)/(17/(-3842)). Suppose -5*n + 656 = m. Suppose n + 212 = 2*b. Is b prime?
True
Suppose -8 = -b - 3*g, -5*b + 0*g = -3*g + 14. Let k(l) = 25*l**2 + 2*l + 2. Is k(b) composite?
True
Suppose -2*r + 2 = 8. Let f = r + 6. Suppose 0 = 3*n - f*p - 1125, n + 3*p + 367 = 2*n. Is n a prime number?
True
Let f = 107 - 231. Let d(z) = 28*z**2 - z - 4. Let c be d(-3). Let k = f + c. Is k a prime number?
True
Let g = -48 - -47. Let i(n) = 1 + 12*n - 83*n - 105*n + 14*n. Is i(g) a prime number?
True
Is 129/(-2)*15198/(-153) a composite number?
True
Suppose 29*v - 14636 = 25*v. Is v prime?
True
Suppose 1199 = w + 2*b, -4*w + 20*b - 24*b + 4796 = 0. Is w prime?
False
Let m(x) = -2*x + 2. Let p be m(4). Let l be (1696/6)/((-34)/(-51)). Is (3/p)/((-2)/l) prime?
False
Let q(f) = 1013*f + 36. Is q(25) a prime number?
False
Suppose 20298 = 26*c - 20*c. Is c a composite number?
True
Let s be ((-6)/4*1)/((-23)/(-6762)). Is 1*-2 + s/(-1) composite?
False
Is (-3)/(60/4)*-17095 a prime number?
False
Let l(z) = 2*z - 8. Let k be l(8). Suppose 9*m - 7 = k*m. Suppose 0 = m*h - 154 - 385. Is h composite?
True
Is 6/((-48)/(-83848)) + 6 composite?
False
Let v(t) = -t. Let s(q) = 2*q**2 + 4*q. Let g be s(-3). Let n(j) = 24*j - 5. Let a(d) = g*v(d) + n(d). Is a(4) a prime number?
True
Suppose 5*o = -3*v + 82607, -21*o - 4*v = -17*o - 66092. Is o composite?
False
Suppose 0 = 5*b - 2457 + 187. Let t be 2/7 - 3543/(-21). Suppose b - t = 5*i. Is i composite?
True
Let z = 2344 - 617. Is z a prime number?
False
Let t = 1 + -1. Suppose -2*r + t + 8 = 0. Suppose -66 = -r*o + 170. Is o a composite number?
False
Suppose -102*n + 35708 = -98*n. Is n composite?
True
Let n = -28 + 31. Suppose -6*z + 678 = -n*z. Is z composite?
True
Let r(k) = 2*k**2 + 19*k + 13. Let n be r(-12). Let t = n + 104. Is t a prime number?
False
Let d be ((-4)/(-4)*0)/(-2). Suppose d = 5*c - 2*f - 1449, 0 = -9*c + 4*c - 4*f + 1467. Is c a composite number?
True
Suppose 979 + 201 = 5*g. Suppose -721 = -3*z + g. Is z composite?
True
Let d be (2/(-4)*10)/((-3)/(-3)). Is (-3856)/d + (-21)/105 prime?
False
Is 2146 + (0/(-6) - -7) a composite number?
False
Suppose 3*g - 2*g + 7931 = 2*d, 4*d - 15865 = g. Is d a prime number?
True
Let w(d) = 260*d**2 + 9*d - 25. Is w(3) a prime number?
False
Let o(u) = 43*u**3 - 143*u**3 + u + 0*u + 1 + u**2. Let g be o(-1). Let f = g - 32. Is f composite?
True
Let r(h) = 339*h**2 - 37*h - 191. Is r(-6) a composite number?
True
Let l(s) = 10*s**2 + 31*s - 117. Is l(40) prime?
True
Let k be ((-352)/(-24))/(2/1233). Suppose 8*u - 2*u = k. Is u a composite number?
True
Suppose 3*g + 17 = -2*j, -5*j = 5*g - 10 + 45. Let w(z) = -12*z - 2. Is w(g) composite?
True
Suppose 9*f + 2981 = 12512. Is f prime?
False
Let r be (-1 - -2) + (2438 - 17). Suppose r = 19*q - 12*q. Is q a prime number?
False
Suppose -3*x + 2*x - 5*h = -1190, 0 = -5*h. Suppose 2*f + 156 = x. Is f composite?
True
Suppose -5*n = -303 - 7492. Suppose -2*l + 5*q = -n, 0 = 2*l + q + 2*q - 1583. Is l prime?
True
Let p be (2/3)/(1/6). Suppose 3*t = -2*v + p*v - 9, -5*t = v - 37. Let z = v - 2. Is z a prime number?
False
Let s(a) = -a**3 - 6*a**2 - 3*a + 7. Let z be s(-7). Let c = -34 + z. Suppose -4*f = c - 975. Is f a composite number?
False
Suppose 18*s - 111141 = 152073. Is s prime?
False
Suppose -4*o - 15 = 9. Is 2764/(-6)*9/o a prime number?
True
Suppose x + 4 = 0, -6*j = -4*j - x - 10. Suppose -3*a - i + 3363 = 0, 0*a + 3363 = 3*a + j*i. Is a composite?
True
Let d(a) = 240*a - 49. Let x be d(9). Let j = x - 942. Is j a composite number?
True
Let l(r) = 3*r**3 + 2*r**2 + 9*r - 5. Let k(a) = 2*a**3 + a**2 + 8*a - 4. Let w(y) = -7*k(y) + 6*l(y). Let t = 8 - 5. Is w(t) composite?
True
Suppose 0 = -c + 86 + 653. Suppose -3*u + 2*u + c = 0. Is u a composite number?
False
Let o = 10 + -10. Suppose o*p - 5*p = -1015. Suppose p = 4*d - 169. Is d prime?
False
Suppose -3*t + 26 = -277. Suppose -t = -2*c + 257. Let x = c - 108. Is x prime?
True
Suppose -7 = -a - 4, 3599 = t + 3*a. Suppose 0 = 4*m + 2*q - t, 5*m - 1556 - 2924 = -5*q. Is m a composite number?
True
Suppose 268*y - 271*y + 20706 = 2*x, -2*y = -x + 10339. Is x a prime number?
False
Let f = 211 + -127. Let g = f - 58. Suppose 0 = 4*c - 1974 + g. Is c a prime number?
True
Suppose 4*c = -4*d + 9*c + 183792, 5*c = 3*d - 137849. Is d prime?
True
Suppose 0 = -5*j + 873 + 3202. Is j a composite number?
True
Let j = 2835 - 725. Suppose 2*u = -8*u + j. Is u a composite number?
False
Suppose -2 = 3*p + 19. Let v be 6/(-21) - 2/p. Let d(r) = -r**3 - r**2 - r + 259. Is d(v) a prime number?
False
Is (3 - 9) + 474 + 1 a composite number?
True
Let w = -41 + 44. Suppose a = -w*y + 529, 2*y - y - 5*a - 187 = 0. Is y a prime number?
False
Suppose 20914 + 110536 = 50*v. Is v composite?
True
Let o = 4 - 3. Let w(t) = 5*t**2 - t + 1. Let a be w(o). Suppose a*n = 7*n - 138. Is n a prime number?
False
Let q = 34 + 2240. Let z = -1537 + q. Is z prime?
False
Let t(p) = p**2 - p. Let w be t(1). Is 1 - w - (-3 - 65) a prime number?
False
Suppose j + 30 = -2*d - 3*d, d - j = 0. Let g be 1 - 5/(d/(-98)). Let a = 176 + g. Is a prime?
True
Is (6 - 1713621/(-35))*5/3 a prime number?
True
Let o(k) = 10*k**3 - 9*k**2 - 64*k - 13. Is o(12) prime?
False
Let h(z) = -z**3 + 2*z**2 + 4*z - 2. Let w be h(3). Is (4 + (1 - w))*(-508)/(-16) a composite number?
False
Suppose -2*p + 10 = -4*g, 2*p - 11 = 2*g + 3*p. Let d(n) = 429*n**2 - 2*n - 7. Is d(g) a composite number?
True
Suppose 2*x = 5*w - 2118, 0 = -3*w + x + 2*x + 1278. Is (-1)/(-8)*4*w a prime number?
True
Suppose -2*y - 492 = -4*y. Let a = y + -452. Is (-4)/(-16)*a*-2 a prime number?
True
Suppose -7*u = -2910 - 625. Suppose -t + 496 = o, -t + 0*t = -2*o - u. Is t a composite number?
False
Suppose 20*j - 25*j + 26485 = 0. Is j a composite number?
False
Let h be 2/(8/10652) + (-4 - -2). Suppose 16*a - 8299 = h. Is a a composite number?
True
Suppose -b = -5*z + 2*b + 8207, 3*z - 4921 = 5*b. Suppose l - z = 251. Is l a prime number?
False
Suppose a - 5*x - 10 - 2 = 0, -a = 2*x + 2. Suppose 5*r = -a*h + 2147, 5*r - 2*h - 2245 = -102. Let p = -178 + r. Is p composite?
False
Let q be (-2431)/(-5) - 12/(-15). Suppose -q = -6*i + 5*i. Is i composite?
False
Let c(h) = 83*h - 13 + 66*h + 758*h. Is c(2) prime?
True
Let r = 7087 - -16522. Is r prime?
True
Let j = -96 + 276. Let f = 149 + j. Is f composite?
True
Let z be (-8 - -92) + (-1 - (2 - 2)). Suppose z = a + 4*w - 124, 4*w = -4. Is a a prime number?
True
Let d be 21/(-6)*(-12)/14. 